s of -1 + (2/3)/(r/(-309)).
2, 3, 17
Suppose -6*g + 2 = 2. Suppose g*r = -5*f - 3*r + 351, -3*f + 4*r + 228 = 0. List the prime factors of f.
2, 3
Let o(i) = -18*i**2 + 3. Let x(t) = 73*t**2 + t - 13. Let y(h) = -9*o(h) - 2*x(h). Let d be (-1)/2*2*1. List the prime factors of y(d).
17
Suppose 7*m = -823 + 3455. What are the prime factors of m?
2, 47
Let u = 37 + -125. Let c = 353 + u. List the prime factors of c.
5, 53
Let u(s) = -3*s + s**2 - 5*s + 6*s + 3. What are the prime factors of u(-6)?
3, 17
Suppose 0 = -5*r + 5*o + 810, 0*o = 3*r - 5*o - 492. Let l = r + -93. List the prime factors of l.
2, 3, 11
Suppose 1758 + 342 = 5*g. Let d = -248 + g. What are the prime factors of d?
2, 43
Let n = -7916 - -13392. What are the prime factors of n?
2, 37
Let s = 30 - 29. List the prime factors of (10 + -128)/(s - 3).
59
Suppose 0 = -3*v + 2 - 5. List the prime factors of (1/(-4)*-109)/(v/(-4)).
109
Let l = 38 - 3. Let m(k) = -4*k - 36. Let g be m(-4). Let x = l + g. What are the prime factors of x?
3, 5
What are the prime factors of ((-594)/10 - 3)/((-3)/20)?
2, 13
Let k be -20*(-1 - (-9)/12). Suppose 5*z + 4*s + 2 = 0, -k*z - 19 = -s - 7. What are the prime factors of (120/12)/(z/(-6))?
2, 3, 5
Let f(s) = -7*s**3 + 2*s**2 + 7*s - 7. What are the prime factors of f(-4)?
5, 89
Suppose -3*c - 3*h - 5955 = -6*c, 2*h = -5*c + 9890. What are the prime factors of c?
2, 3, 5, 11
Let i(b) = -3*b**3 - 4*b**2 + 13*b + 1. Let m be i(-6). Let j = m - 241. What are the prime factors of j?
2, 3, 31
Let i(c) = -c**3 + 14*c**2 + 2*c + 7. Let v be i(14). Suppose -2*m = 2*b - 36, 2*m - v = -4*b + 3*b. What are the prime factors of m?
17
Let w = -252 - 9. Let a be 8/3*w/(-12). Suppose a = 5*t - z, 5*z + 11 = -3*t + 29. List the prime factors of t.
11
Let r = -496 - -1176. What are the prime factors of r?
2, 5, 17
Let z = 343 - -22. List the prime factors of z.
5, 73
Let q = -12 - -16. Suppose t - 93 = 3*d + 12, 0 = -4*t - q*d + 356. What are the prime factors of (t/12)/((-1)/(-4))?
31
Suppose -5*s - 5*l = 25, 0 = 3*s - 6*s - l - 5. Suppose -2*b + 5*q + 401 = s, -6*q - 1 = -5*q. What are the prime factors of b?
2, 3, 11
Let v = -104 - -162. Suppose v = z + 3*m - 2, -2*m = -z + 85. What are the prime factors of z?
3, 5
Let o(h) = 787*h + 50. What are the prime factors of o(3)?
2411
Let o = 12 + -10. Suppose o*a - 53 = a. Let k = -20 + a. List the prime factors of k.
3, 11
Let c(b) = -120*b + 13. Let w be c(-3). Suppose -3*j - 2*r = -w, -5*r - 205 = 4*j - 700. List the prime factors of j.
5
What are the prime factors of 36 - 31 - (-1 + -157)?
163
Let k(x) = 2*x**2 - 7*x + 3. Suppose -2*a + 5 = -3. Suppose u - 5*v - 6 = 0, 5*u - 12 = 3*u - a*v. What are the prime factors of k(u)?
3, 11
Suppose -4*p + 9*j - 13*j + 2112 = 0, p - 530 = -2*j. List the prime factors of p.
2, 263
Suppose -6*t + t = 3*u - 2781, -3*u - t + 2781 = 0. List the prime factors of u.
3, 103
Let r(g) = 15*g**2 - 1 + 3*g**2 + 5*g**2 + g**3 - 7*g - 4*g**2. What are the prime factors of r(-19)?
2, 3, 11
Suppose -5*x + 10 + 5 = 0. Let r be 0 + x + (9 - 21). Let t(k) = -k + 18. List the prime factors of t(r).
3
Suppose 0 = -62*b + 188436 - 9752. What are the prime factors of b?
2, 11, 131
Let s be 27/(-18)*(-52)/3. Let r = 11 + s. List the prime factors of r.
37
Suppose -2*n + 1 = 3*r, -7 = -7*r + 2*r - 2*n. Suppose -5*v = 3*l - 361 - 147, -4*l - r*v = -692. What are the prime factors of l?
2, 11
Suppose -3*k - 3*u + 41 = 539, 2*k - 3*u + 342 = 0. Let q = -32 - k. What are the prime factors of q?
2, 17
Let m = 746 - 493. List the prime factors of m.
11, 23
Let b(v) = 2*v**2 + v - 15. Let p be b(-8). Suppose h = -0*h + p. What are the prime factors of h?
3, 5, 7
Let a = -74 - -79. Suppose a*d = -2*b + 80, -5 = 2*d - 2*b - 37. List the prime factors of d.
2
Let v = 5 + -6. What are the prime factors of (v - 0) + ((-2)/2 - -52)?
2, 5
List the prime factors of -5 + ((-7)/((-7)/(-807)))/(-1).
2, 401
Let q be (-1 - -1)*(-3)/9. Let n be (-144)/(-66) - (-4)/(-22). Suppose -n*c + q*c = -4. What are the prime factors of c?
2
Suppose 0 = -6*y + 4*y + 5*b - 14, -16 = -4*b. Let p = y + 5. Suppose 10*s - 8*s - p = 0. What are the prime factors of s?
2
Let w be (-2)/10 - (-1547)/85. Suppose 3*a + 78 = 4*f, a - 3*f + w = f. What are the prime factors of a/(-20) - (-122)/4?
2
Suppose 6*o - 72 = 4*o. Let k = 26 - o. Let h(d) = -d**3 - 10*d**2 - 3*d - 1. List the prime factors of h(k).
29
Suppose -40 = 4*g + g. Let m(x) = x**2 + 10*x + 12. Let y be m(g). List the prime factors of y - -16 - (-1 + -2).
3, 5
Suppose u + 27 = 29. Suppose u*l = 23 + 73. List the prime factors of l.
2, 3
Let z(d) = -3*d + 41. Let b be z(13). Suppose 3*g - 82 = 2*g. Suppose -4 = -5*f + 2*k + 94, -4*f - b*k = -g. List the prime factors of f.
2, 5
Suppose 885 = -10*i + 3775. What are the prime factors of i?
17
Let z = 49 - 52. Let y(u) = -2*u**3 + 3*u**2 - 2. List the prime factors of y(z).
79
Let o be -2 - 4*(-194)/4. Let x = o - 41. List the prime factors of x.
151
Suppose 0 = -0*v - 3*v - 24. Let m be 4*-2*(-2)/v. Let p(c) = -2*c**3 + c**2 + c. List the prime factors of p(m).
2, 3
Let a(k) = -k**3 - 10*k**2 - 8*k + 13. Let q be a(-9). Suppose -24 = z - q. Let w = -6 - z. List the prime factors of w.
2, 7
Let a = -27 + 27. Suppose a*b - 5*b + 20 = 0. Suppose 0 = 5*k + 2*p - 126, b = p + 1. List the prime factors of k.
2, 3
Let h(k) = k**2 - 6*k - 6. Let u be h(7). List the prime factors of 81/3 - (-6)/(u + 1).
2, 3, 5
Let g = -559 - -1210. List the prime factors of g.
3, 7, 31
Suppose 38 = r + 3*n, -5*r - n - 4*n + 220 = 0. Suppose 0 = -4*y + 81 + r. What are the prime factors of y?
2
Suppose 237 = 3*o + y - 4*y, 5*y - 67 = -o. List the prime factors of o - (5 + -3 - 5).
2, 5
Let g(h) = 2802*h**3 - 2*h**2 + 2*h. What are the prime factors of g(1)?
2, 3, 467
Let c = -31 + 31. Suppose -z + 47 + 83 = c. Suppose 4*g + g = z. List the prime factors of g.
2, 13
Let k = 5 + -8. Let r(j) = -88*j**3 - 2 + 40*j**3 + 46*j**3. List the prime factors of r(k).
2, 13
Let r be 1 + 3/9*3. Suppose x + 4*g - 12 = 0, 4*x + r*g + 0 = 20. What are the prime factors of x?
2
List the prime factors of (-2580170)/(-402)*6/10.
3851
Suppose -3*r + 5*o = r - 31, 12 = -4*o. List the prime factors of r + 32 + -1 + 2.
37
Let i = -658 + 389. Let a = i - -384. List the prime factors of a.
5, 23
Let j(l) = -3*l + 50. Let d = -52 - -29. What are the prime factors of j(d)?
7, 17
Let i be 3/((-6)/(-178)) - 1. Suppose 11*z = 12*z - i. List the prime factors of z.
2, 11
Suppose 3*m - 19 = 11. Let v(a) = a**3 - a. Let y(u) = 7*u**3 - 9*u**2 - 17*u - 9. Let b(s) = 6*v(s) - y(s). List the prime factors of b(m).
19
What are the prime factors of 47004/22 + ((-112)/44 - -2)?
2, 3, 89
Let q be 5 + 7 + 3/9*-21. Suppose -b + 40 = -i - 2*i, 2*i + 148 = 5*b. What are the prime factors of b - 4 - (-1 + q)?
2, 5
Let b be (-4)/(-22) + 3 + 801/11. Suppose 5*n + b - 471 = 0. What are the prime factors of n?
79
Suppose 141 = -5*a - 94. List the prime factors of (-20)/(-5)*a/(-4).
47
Suppose 0*k + 16 = -4*k. What are the prime factors of k/(-7) - (-2814)/49?
2, 29
Suppose 56 = 7*k + 21. Suppose -5*f - k*w = -f - 42, -2*f + 3*w = -10. What are the prime factors of f?
2
Let o(v) = -22 + 10*v - 8*v**2 + 7*v**2 + 35. Let i(j) = -9*j + 1. Let h be i(-1). What are the prime factors of o(h)?
13
Let z be ((-4)/(-3))/((-6)/(-18)). Let p = 158 + -108. What are the prime factors of 1120/p - z/10?
2, 11
Suppose -8*r = -562 - 20670. What are the prime factors of r?
2, 1327
Let h be (61/(-3))/(5*(-1)/(-30)). Let t = -67 - h. List the prime factors of t.
5, 11
Suppose -34*o = -54*o + 42980. List the prime factors of o.
7, 307
Let i(d) = -12*d**3 - d**2 + 2*d + 2. Let v(l) = -l**3 - l**2 + l. Let g(k) = -i(k) - 2*v(k). List the prime factors of g(2).
2, 3, 19
Suppose 0 = -0*y - 7*y + 70. Suppose y*g + 3*c = 6*g + 106, 4*c = 3*g - 92. What are the prime factors of g?
2, 7
Let r be 2/13 + 267/39. Let t = -1 + r. Let y(b) = b**3 - 7*b**2 + 10*b - 8. List the prime factors of y(t).
2
Suppose -2*i - 5*i = -3*i. Suppose i = v + 5*v - 642. What are the prime factors of v?
107
What are the prime factors of (1760/(-3))/((-104)/24 - -4)?
2, 5, 11
Let c = 3 - -12. Let l = 8 + c. Suppose 3*b = 4*b - l. What are the prime factors